-126a3
Convert 567779 (base 10) to base 14.
10acb9
What is -147086 (base 11) in base 5?
-24312101
197b0 (base 14) to base 11
44622
What is -54212466 (base 7) in base 13?
-c5c34c
Convert -8db22 (base 14) to base 4.
-1110101202
What is -5c1426 (base 13) in base 11?
-1274521
What is -9538 (base 11) in base 10?
-12625
13331022 (base 4) to base 11
22534
2353457 (base 8) to base 12
271267
Convert 1220000210021 (base 3) to base 15.
14c907
-424333 (base 12) to base 13
-2a737a
Convert -292a9 (base 16) to base 8.
-511251
Convert 22020212122000 (base 3) to base 8.
20570044
What is -702308 (base 10) in base 14?
-143d2c
What is -4411220 (base 5) in base 4?
-102200202
-5a045 (base 12) to base 7
-1012544
What is -1014361 (base 8) in base 15?
-5486e
What is 374234 (base 9) in base 2?
110111001110000111
Convert -2d540 (base 16) to base 4.
-231111000
What is 699544 (base 10) in base 15?
dc414
1057336 (base 15) to base 8
54405205
-28802 (base 12) to base 9
-85382
Convert -4051535 (base 9) to base 14.
-40310b
Convert 4000441 (base 5) to base 6.
1201525
What is -2102233 (base 4) in base 7?
-36244
Convert 1431133254 (base 6) to base 16.
10e0142
Convert 2521155 (base 8) to base 6.
22534325
Convert -30046626 (base 8) to base 13.
-13cc910
Convert -18507624 (base 9) to base 7.
-142230526
2034475 (base 9) to base 12
444495
What is 739c0 (base 13) in base 3?
101120120221
Convert -1ec46f (base 16) to base 7.
-23065423
1614ab (base 15) to base 9
2006368
43c47 (base 13) to base 8
360052
What is 5495d2 (base 16) in base 4?
111021113102
1340003 (base 5) to base 16
6b6f
Convert -2452442 (base 7) to base 15.
-636e8
-4511352 (base 7) to base 8
-2100767
Convert 112013026 (base 7) to base 11.
3943328
What is 1697866 (base 12) in base 16?
47650e
-260200 (base 8) to base 9
-146706
What is -3a9410 (base 12) in base 9?
-1737523
10101100001101111000110 (base 2) to base 10
5643206
Convert 68866 (base 12) to base 6.
2553410
Convert -5055a (base 12) to base 9.
-168267
What is -43330237 (base 8) in base 13?
-1c01768
What is 11243351 (base 6) in base 13?
c25b1
Convert 22010210202212 (base 3) to base 10.
4326449
What is 1000111001010110110 (base 2) in base 10?
291510
14138112 (base 9) to base 6
405520445
Convert 182063 (base 9) to base 11.
77a35
Convert -c1cc00 (base 13) to base 3.
-22111020221111
What is 431244243 (base 5) in base 11?
1034843
-17a5ba (base 12) to base 8
-1444736
Convert -231330223 (base 5) to base 12.
-423403
What is a3486 (base 13) in base 2?
1000111100001111011
What is -11313131 (base 5) in base 12?
-50346
-100101101101000001 (base 2) to base 7
-1212146
What is 14042 (base 12) in base 6?
332122
Convert d627 (base 15) to base 16.
b0ce
2024224120 (base 5) to base 12
1473977
-5c36 (base 13) to base 11
-98a1
Convert 264587 (base 10) to base 7.
2151251
717317 (base 9) to base 16
67d32
Convert -203000303231 (base 4) to base 14.
-130cc45
-244130033 (base 5) to base 13
-318754
Convert 1ec121 (base 15) to base 4.
11300120101
35501015 (base 6) to base 4
10033202003
What is -3251397 (base 11) in base 7?
-66356310
-3664314 (base 7) to base 10
-469725
-210001202101 (base 3) to base 9
-701671
Convert 656081 (base 11) to base 6.
34241534
-100212000012021 (base 3) to base 12
-1905ba4
What is -3463524 (base 8) in base 7?
-11011026
What is 22202221220101 (base 3) in base 5?
2143222241
What is -150202555 (base 6) in base 15?
-4122b5
-4a5472 (base 11) to base 3
-1111112102100
231011113 (base 4) to base 15
39aad
Convert 4300023101 (base 5) to base 3.
121220112111210
Convert 3651222 (base 7) to base 16.
71d4b
What is 10121102211101 (base 3) in base 9?
3542741
-22300101001 (base 4) to base 12
-b3b541
What is -1011a18 (base 11) in base 4?
-12310231122
-b782 (base 13) to base 12
-12894
-17071 (base 10) to base 6
-211011
720894 (base 14) to base 8
16522342
1984e (base 16) to base 4
121201032
Convert -65a9 (base 11) to base 5.
-234320
-297ea7 (base 16) to base 11
-1598141
-1110103200 (base 5) to base 7
-26421132
Convert a4a81 (base 11) to base 14.
3daad
What is -324010202 (base 5) in base 7?
-14553163
Convert 105040 (base 8) to base 5.
2112420
485368 (base 10) to base 15
98c2d
What is -1144390 (base 11) in base 13?
-54bc46
-12263540 (base 7) to base 8
-4164303
What is -7ac65 (base 14) in base 13?
-a6001
What is a2bc6 (base 16) in base 12?
2818b2
-112232213223 (base 4) to base 13
-1307c22
What is 14070311 (base 8) in base 14?
5c8cd3
What is 1ad6f (base 16) in base 11?
75661
-2a6a6 (base 14) to base 3
-12100211220
-112130120302 (base 4) to base 2
-10110011100011000110010
594e9 (base 16) to base 7
3052322
Convert -1111111110100001111 (base 2) to base 9.
-877135
What is 15611106 (base 7) in base 10?
1515429
What is -354332 (base 13) in base 3?
-2101022122122
What is 1db57 (base 14) in base 6?
1345201
22113331 (base 4) to base 6
524421
Convert 1430665 (base 10) to base 6.
50355241
3513223 (base 7) to base 14
b6783
-211213322120 (base 4) to base 15
-cec4a8
Convert 2249891 (base 11) to base 2.
1111000001001001000011
What is -20100130013 (base 4) in base 11?
-1249236
Convert -155283 (base 9) to base 16.
-175f8
Convert 2012002323 (base 4) to base 6.
15433523
Convert 798073 (base 11) to base 16.
13605e
Convert -304764 (base 8) to base 11.
-69854
1706132 (base 8) to base 16
78c5a
Convert 112201230 (base 5) to base 15.
a00ca
What is 17045022 (base 8) in base 15?
530a82
Convert -5237d (base 14) to base 15.
-3db2c
What is -310201403 (base 5) in base 11?
-789013
-116652020 (base 8) to base 13
-4387231
What is 144a5 (base 13) in base 11?
26741
What is -211044540 (base 6) in base 2?
-1110000101011000101100
What is 16270334 (base 9) in base 12?
288434a
What is -122030302133 (base 4) in base 6?
-403112515
What is -2102200121001 (base 3) in base 6?
-43413514
Convert -11b7c4 (base 13) to base 12.
-1861b0
Convert 58721 (base 12) to base 15.
251c7
Convert -525a7 (base 12) to base 10.
-107983
Convert 103133030 (base 4) to base 3.
11001111022
What is -13745867 (base 9) in base 6?
-402111441
Convert 24636642 (base 7) to base 3.
11012012101120
130211321 (base 4) to base 8
344571
Convert -985e6 (base 15) to base 4.
-1312021332
What is -1100001012200 (base 3) in base 13?
-1bac08
-400401002 (base 5) to base 11
-986464
61066 (base 9) to base 12
1b2a3
-127a43 (base 11) to base 9
-335530
What is 64b3e9 (base 16) in base 12?
22632b5
Convert -4746172 (base 8) to base 15.
-1a96c0
What is -2258806 (base 11) in base 5?
-2002400201
-54d700 (base 16) to base 4
-111031130000
What is 3ced5 (base 15) in base 13?
6b11a
What is 5033c (base 13) in base 2?
100011000000000011
Convert -1244112 (base 5) to base 13.
-b44c
-6141135 (base 7) to base 15
-e7183
1252034 (base 8) to base 12
14a110
Convert 110120120122 (base 4) to base 11.
301a0a2
3323303233 (base 5) to base 6
415133533
What is -32979 (base 13) in base 10?
-91698
What is bebcb (base 16) in base 4?
2332233023
What is -4211113424 (base 5) in base 11?
-49a7261
Convert -345441 (base 9) to base 14.
-55821
Convert -2002102201220 (base 3) to base 16.
-10f314
Convert -650455 (base 9) to base 4.
-1132212101
What is 10022213313 (base 4) in base 8?
4124767
What is 22353042 (base 6) in base 15?
d787b
Convert 343050 (base 6) to base 11.
1aa27
Convert 118553 (base 12) to base 13.
9c468
-3624 (base 7) to base 3
-1211200
Convert -1101001001011101110 (base 2) to base 11.
-274764
What is ae75b (base 16) in base 14?
1485bd
What is -522360 (base 10) in base 6?
-15110200
Convert 1201060 (base 11) to base 9.
3842784
What is 31212330 (base 4) in base 3?
2211110110
-23313441 (base 5) to base 8
-641165
14321 (base 16) to base 8
241441
Convert -1212147 (base 8) to base 9.
-556582
Convert -13132140 (base 5) to base 3.
-20121201202
Convert -10301210 (base 5) to base 2.
-10101011010000000
-5b4c0 (base 15) to base 2
-1000111001000000010
2aa12 (base 11) to base 2
1010101100100111
Convert -12113100 (base 5) to base 11.
-78325
-6d687 (base 14) to base 12
-10a947
1100010001111000011110 (base 2) to base 4
30101320132
What is -2149aa2 (base 11) in base 13?
-a22956
What is -1001010110000010110 (base 2) in base 14?
-7d834
What is 222010303 (base 4) in base 11?
108532
-265165 (base 9) to base 12
-79395
What is -4824415 (base 9) in base 4?
-21332110010
204745b (base 12) to base 5
3023131110
Convert 77fae3 (base 16) to base